{"id":202,"date":"2012-11-22T09:30:06","date_gmt":"2012-11-22T08:30:06","guid":{"rendered":"http:\/\/domagoj-sajter.from.hr\/?page_id=202"},"modified":"2016-04-25T09:16:46","modified_gmt":"2016-04-25T08:16:46","slug":"kolegiji","status":"publish","type":"page","link":"http:\/\/domagoj-sajter.from.hr\/?page_id=202","title":{"rendered":"Kolegiji"},"content":{"rendered":"<p><em>Nositelj kolegija na Ekonomskom fakultetu u Osijeku:<\/em><\/p>\n<p>&gt;&gt;&gt; <a href=\"http:\/\/www.efos.unios.hr\/financijske-izvedenice\/\" target=\"_blank\">FI &#8211; Financijske izvedenice<\/a><br \/>\n(diplomski studij, smjer Financijski menad\u017ement)<br \/>\n&gt;&gt;&gt; <a href=\"http:\/\/www.efos.unios.hr\/menadzment-financijskih-institucija\/\" target=\"_blank\">MFI &#8211; Menad\u017ement financijskih institucija<br \/>\n<\/a>(diplomski studij, smjer Financijski menad\u017ement)<br \/>\n&gt;&gt;&gt; <a href=\"http:\/\/www.efos.unios.hr\/suvremeni-financijski-instrumenti\/\" target=\"_blank\">SFI &#8211; Suvremeni financijski instrumenti<\/a><br \/>\n(diplomski studij, smjer Poduzetni\u0161tvo<br \/>\n&gt;&gt;&gt; <a href=\"http:\/\/www.efos.unios.hr\/poslovne-financije\/\" target=\"_blank\">PF &#8211; Poslovne financije<\/a><br \/>\n(stru\u010dni studij)<\/p>\n<p>&nbsp;<\/p>\n<p><em>Suradnik na kolegijima:<\/em><\/p>\n<p>&gt;&gt;&gt; <a href=\"http:\/\/www.efos.unios.hr\/financijska-trzista-i-institucije\/\" target=\"_blank\">FTI &#8211; Financijska tr\u017ei\u0161ta i institucije<br \/>\n<\/a>(preddiplomski studij, obvezni kolegij za sve smjerove)<br \/>\n&gt;&gt;&gt; <a href=\"http:\/\/www.efos.unios.hr\/financijski-menadzment\/\" target=\"_blank\">FM &#8211; Financijski menad\u017ement<br \/>\n<\/a>(preddiplomski studij, smjer Financijski management)<br \/>\n&gt;&gt;&gt; FM2 &#8211; Financijski menad\u017ement II<br \/>\n(diplomski studij, smjer Menad\u017ement)<\/p>\n","protected":false},"excerpt":{"rendered":"<p>Nositelj kolegija na Ekonomskom fakultetu u Osijeku: &gt;&gt;&gt; FI &#8211; Financijske izvedenice (diplomski studij, smjer Financijski menad\u017ement) &gt;&gt;&gt; MFI &#8211; Menad\u017ement financijskih institucija (diplomski studij, smjer Financijski menad\u017ement) &gt;&gt;&gt; SFI &#8211; Suvremeni financijski instrumenti (diplomski studij, smjer Poduzetni\u0161tvo &gt;&gt;&gt; PF &#8211; Poslovne financije (stru\u010dni studij) &nbsp; Suradnik na kolegijima: &gt;&gt;&gt; FTI &#8211; Financijska tr\u017ei\u0161ta i &hellip; <a href=\"http:\/\/domagoj-sajter.from.hr\/?page_id=202\" class=\"more-link\">Nastavi \u010ditati <span class=\"screen-reader-text\">Kolegiji<\/span><\/a><\/p>\n","protected":false},"author":171,"featured_media":0,"parent":18,"menu_order":0,"comment_status":"open","ping_status":"open","template":"","meta":{"ngg_post_thumbnail":0},"yoast_head":"<!-- This site is optimized with the Yoast SEO plugin v17.5 - https:\/\/yoast.com\/wordpress\/plugins\/seo\/ -->\n<title>Kolegiji - Domagoj Sajter<\/title>\n<meta name=\"robots\" content=\"index, follow, max-snippet:-1, max-image-preview:large, max-video-preview:-1\" \/>\n<link rel=\"canonical\" href=\"https:\/\/domagoj-sajter.from.hr\/?page_id=202\" \/>\n<meta property=\"og:locale\" content=\"hr_HR\" \/>\n<meta property=\"og:type\" content=\"article\" \/>\n<meta property=\"og:title\" content=\"Kolegiji - Domagoj Sajter\" \/>\n<meta property=\"og:description\" content=\"Nositelj kolegija na Ekonomskom fakultetu u Osijeku: &gt;&gt;&gt; FI &#8211; Financijske izvedenice (diplomski studij, smjer Financijski menad\u017ement) &gt;&gt;&gt; MFI &#8211; Menad\u017ement financijskih institucija (diplomski studij, smjer Financijski menad\u017ement) &gt;&gt;&gt; SFI &#8211; Suvremeni financijski instrumenti (diplomski studij, smjer Poduzetni\u0161tvo &gt;&gt;&gt; PF &#8211; Poslovne financije (stru\u010dni studij) &nbsp; Suradnik na kolegijima: &gt;&gt;&gt; FTI &#8211; Financijska tr\u017ei\u0161ta i &hellip; Nastavi \u010ditati Kolegiji\" \/>\n<meta property=\"og:url\" content=\"https:\/\/domagoj-sajter.from.hr\/?page_id=202\" \/>\n<meta property=\"og:site_name\" content=\"Domagoj Sajter\" \/>\n<meta property=\"article:publisher\" content=\"https:\/\/www.facebook.com\/financije.1\" \/>\n<meta property=\"article:modified_time\" content=\"2016-04-25T08:16:46+00:00\" \/>\n<meta name=\"twitter:card\" content=\"summary\" \/>\n<meta name=\"twitter:label1\" content=\"Procijenjeno vrijeme \u010ditanja\" \/>\n\t<meta name=\"twitter:data1\" content=\"1 minuta\" \/>\n<script type=\"application\/ld+json\" class=\"yoast-schema-graph\">{\"@context\":\"https:\/\/schema.org\",\"@graph\":[{\"@type\":\"WebSite\",\"@id\":\"https:\/\/domagoj-sajter.from.hr\/#website\",\"url\":\"https:\/\/domagoj-sajter.from.hr\/\",\"name\":\"Domagoj Sajter\",\"description\":\"osobne stranice\",\"potentialAction\":[{\"@type\":\"SearchAction\",\"target\":{\"@type\":\"EntryPoint\",\"urlTemplate\":\"https:\/\/domagoj-sajter.from.hr\/?s={search_term_string}\"},\"query-input\":\"required name=search_term_string\"}],\"inLanguage\":\"hr\"},{\"@type\":\"WebPage\",\"@id\":\"https:\/\/domagoj-sajter.from.hr\/?page_id=202#webpage\",\"url\":\"https:\/\/domagoj-sajter.from.hr\/?page_id=202\",\"name\":\"Kolegiji - Domagoj Sajter\",\"isPartOf\":{\"@id\":\"https:\/\/domagoj-sajter.from.hr\/#website\"},\"datePublished\":\"2012-11-22T08:30:06+00:00\",\"dateModified\":\"2016-04-25T08:16:46+00:00\",\"breadcrumb\":{\"@id\":\"https:\/\/domagoj-sajter.from.hr\/?page_id=202#breadcrumb\"},\"inLanguage\":\"hr\",\"potentialAction\":[{\"@type\":\"ReadAction\",\"target\":[\"https:\/\/domagoj-sajter.from.hr\/?page_id=202\"]}]},{\"@type\":\"BreadcrumbList\",\"@id\":\"https:\/\/domagoj-sajter.from.hr\/?page_id=202#breadcrumb\",\"itemListElement\":[{\"@type\":\"ListItem\",\"position\":1,\"name\":\"Home\",\"item\":\"https:\/\/domagoj-sajter.from.hr\/\"},{\"@type\":\"ListItem\",\"position\":2,\"name\":\"Nastava\",\"item\":\"https:\/\/domagoj-sajter.from.hr\/?page_id=18\"},{\"@type\":\"ListItem\",\"position\":3,\"name\":\"Kolegiji\"}]}]}<\/script>\n<!-- \/ Yoast SEO plugin. -->","yoast_head_json":{"title":"Kolegiji - Domagoj Sajter","robots":{"index":"index","follow":"follow","max-snippet":"max-snippet:-1","max-image-preview":"max-image-preview:large","max-video-preview":"max-video-preview:-1"},"canonical":"https:\/\/domagoj-sajter.from.hr\/?page_id=202","og_locale":"hr_HR","og_type":"article","og_title":"Kolegiji - Domagoj Sajter","og_description":"Nositelj kolegija na Ekonomskom fakultetu u Osijeku: &gt;&gt;&gt; FI &#8211; Financijske izvedenice (diplomski studij, smjer Financijski menad\u017ement) &gt;&gt;&gt; MFI &#8211; Menad\u017ement financijskih institucija (diplomski studij, smjer Financijski menad\u017ement) &gt;&gt;&gt; SFI &#8211; Suvremeni financijski instrumenti (diplomski studij, smjer Poduzetni\u0161tvo &gt;&gt;&gt; PF &#8211; Poslovne financije (stru\u010dni studij) &nbsp; Suradnik na kolegijima: &gt;&gt;&gt; FTI &#8211; Financijska tr\u017ei\u0161ta i &hellip; Nastavi \u010ditati Kolegiji","og_url":"https:\/\/domagoj-sajter.from.hr\/?page_id=202","og_site_name":"Domagoj Sajter","article_publisher":"https:\/\/www.facebook.com\/financije.1","article_modified_time":"2016-04-25T08:16:46+00:00","twitter_card":"summary","twitter_misc":{"Procijenjeno vrijeme \u010ditanja":"1 minuta"},"schema":{"@context":"https:\/\/schema.org","@graph":[{"@type":"WebSite","@id":"https:\/\/domagoj-sajter.from.hr\/#website","url":"https:\/\/domagoj-sajter.from.hr\/","name":"Domagoj Sajter","description":"osobne stranice","potentialAction":[{"@type":"SearchAction","target":{"@type":"EntryPoint","urlTemplate":"https:\/\/domagoj-sajter.from.hr\/?s={search_term_string}"},"query-input":"required name=search_term_string"}],"inLanguage":"hr"},{"@type":"WebPage","@id":"https:\/\/domagoj-sajter.from.hr\/?page_id=202#webpage","url":"https:\/\/domagoj-sajter.from.hr\/?page_id=202","name":"Kolegiji - Domagoj Sajter","isPartOf":{"@id":"https:\/\/domagoj-sajter.from.hr\/#website"},"datePublished":"2012-11-22T08:30:06+00:00","dateModified":"2016-04-25T08:16:46+00:00","breadcrumb":{"@id":"https:\/\/domagoj-sajter.from.hr\/?page_id=202#breadcrumb"},"inLanguage":"hr","potentialAction":[{"@type":"ReadAction","target":["https:\/\/domagoj-sajter.from.hr\/?page_id=202"]}]},{"@type":"BreadcrumbList","@id":"https:\/\/domagoj-sajter.from.hr\/?page_id=202#breadcrumb","itemListElement":[{"@type":"ListItem","position":1,"name":"Home","item":"https:\/\/domagoj-sajter.from.hr\/"},{"@type":"ListItem","position":2,"name":"Nastava","item":"https:\/\/domagoj-sajter.from.hr\/?page_id=18"},{"@type":"ListItem","position":3,"name":"Kolegiji"}]}]}},"_links":{"self":[{"href":"http:\/\/domagoj-sajter.from.hr\/index.php?rest_route=\/wp\/v2\/pages\/202"}],"collection":[{"href":"http:\/\/domagoj-sajter.from.hr\/index.php?rest_route=\/wp\/v2\/pages"}],"about":[{"href":"http:\/\/domagoj-sajter.from.hr\/index.php?rest_route=\/wp\/v2\/types\/page"}],"author":[{"embeddable":true,"href":"http:\/\/domagoj-sajter.from.hr\/index.php?rest_route=\/wp\/v2\/users\/171"}],"replies":[{"embeddable":true,"href":"http:\/\/domagoj-sajter.from.hr\/index.php?rest_route=%2Fwp%2Fv2%2Fcomments&post=202"}],"version-history":[{"count":6,"href":"http:\/\/domagoj-sajter.from.hr\/index.php?rest_route=\/wp\/v2\/pages\/202\/revisions"}],"predecessor-version":[{"id":850,"href":"http:\/\/domagoj-sajter.from.hr\/index.php?rest_route=\/wp\/v2\/pages\/202\/revisions\/850"}],"up":[{"embeddable":true,"href":"http:\/\/domagoj-sajter.from.hr\/index.php?rest_route=\/wp\/v2\/pages\/18"}],"wp:attachment":[{"href":"http:\/\/domagoj-sajter.from.hr\/index.php?rest_route=%2Fwp%2Fv2%2Fmedia&parent=202"}],"curies":[{"name":"wp","href":"https:\/\/api.w.org\/{rel}","templated":true}]}}